t is 1b37e4 (base 16) in base 2?
110110011011111100100
-a21817 (base 12) to base 11
-147a937
What is 483418 (base 9) in base 15?
5b442
Convert -2227456 (base 8) to base 2.
-10010010111100101110
Convert -501573 (base 8) to base 7.
-1254160
What is -47a210 (base 13) in base 5?
-414114140
-1151250 (base 6) to base 14
-18458
Convert -311222 (base 4) to base 12.
-1ba2
What is -22012220220 (base 3) in base 11?
-100604
Convert 91315b (base 12) to base 11.
1308218
-4111130421 (base 5) to base 11
-4760450
-365846 (base 11) to base 14
-110c5a
Convert 197b9e (base 16) to base 6.
55443410
1111010000110010110 (base 2) to base 13
146838
21d07 (base 14) to base 16
140d3
What is -2423120 (base 5) in base 12?
-22342
What is -95262 (base 12) in base 16?
-2fc2a
Convert 10302011001 (base 5) to base 13.
2370c3a
49dd6 (base 14) to base 2
101100001101101000
What is 22201250 (base 6) in base 7?
5454411
-269081 (base 11) to base 2
-1100111000010000000
Convert -14203011 (base 6) to base 15.
-98097
Convert -34333131 (base 5) to base 6.
-10340233
-17924 (base 10) to base 16
-4604
What is -222202010020 (base 3) in base 15?
-a5ea0
What is -111210012000 (base 3) in base 12?
-111023
What is 222021021121 (base 3) in base 4?
1332033022
Convert 539892 (base 10) to base 9.
1012530
What is -120324 (base 5) in base 8?
-10560
Convert -11102111001 (base 3) to base 14.
-23a59
Convert -7480 (base 10) to base 5.
-214410
-16051061 (base 7) to base 3
-2220022222202
Convert 111532135 (base 6) to base 16.
1f45bb
What is -208830c (base 13) in base 3?
-200121222112010
What is -1734a0 (base 11) in base 12?
-10b1b9
Convert 1007171 (base 10) to base 8.
3657103
What is -352213 (base 6) in base 11?
-20865
Convert 46400c (base 14) to base 15.
323e8a
What is 20200323 (base 4) in base 8?
104073
What is -102738 (base 9) in base 4?
-32322311
What is 1132302013 (base 4) in base 12?
168807
Convert -2313b (base 15) to base 10.
-111656
Convert 88427 (base 9) to base 10.
58669
Convert 53336555 (base 7) to base 12.
1625a85
Convert 138999 (base 15) to base 12.
394283
What is -14679c (base 14) in base 3?
-1100001012101
84133 (base 16) to base 11
33a49a
Convert 1022101021020 (base 3) to base 11.
436232
32640033 (base 7) to base 12
b39a39
-11043405 (base 6) to base 3
-121220012112
29520 (base 15) to base 4
200122230
-223016465 (base 7) to base 11
-7704603
1201111212020 (base 3) to base 15
1313ec
450223315 (base 6) to base 11
4658543
Convert 204433400 (base 5) to base 9.
1547700
What is -10111110100001101010 (base 2) in base 4?
-2332201222
What is 211230212 (base 5) in base 4?
3113213232
-2055180 (base 9) to base 5
-240140420
What is -18a595 (base 12) in base 15?
-883a8
Convert 5991796 (base 11) to base 14.
155b204
-1002424403 (base 5) to base 9
-3675658
41a3d (base 15) to base 11
132458
-204514043 (base 6) to base 12
-124b923
Convert 515035 (base 7) to base 3.
11110221211
-7176826 (base 9) to base 4
-32213011131
3013223021 (base 4) to base 3
1112112220022
What is -1a5036 (base 12) in base 14?
-c15b4
What is 89d4 (base 15) in base 11?
1aa58
-233993 (base 10) to base 12
-b34b5
What is 2135500 (base 7) in base 4?
333302110
-4032104332 (base 5) to base 14
-11053c6
Convert -11132200 (base 5) to base 12.
-493a2
-12566171 (base 8) to base 3
-12021220210000
-8626c (base 16) to base 8
-2061154
Convert -423032 (base 9) to base 7.
-2065223
What is -34c53 (base 14) in base 15?
-281b9
-200122010020 (base 3) to base 7
-3055212
What is -d65c (base 16) in base 15?
-113d6
-44204434 (base 5) to base 4
-1131032231
Convert 3664333 (base 7) to base 2.
1110010101011101010
What is 84433 (base 14) in base 12?
134825
28c785 (base 13) to base 7
11326515
What is -111021010120001 (base 3) in base 13?
-15ca690
Convert 6113646 (base 7) to base 14.
14ca5d
Convert -10000100100100001111 (base 2) to base 6.
-15345503
Convert 270a52 (base 11) to base 13.
11bab2
Convert 35634 (base 8) to base 16.
3b9c
What is -151025410 (base 6) in base 4?
-23330012232
Convert 1141213 (base 5) to base 9.
32354
-101de75 (base 16) to base 4
-1000131321311
What is -1000422332 (base 5) in base 7?
-22502220
What is 4017dc (base 16) in base 3?
21220101212211
Convert 111001121012 (base 3) to base 9.
431535
What is -543969 (base 10) in base 7?
-4423626
Convert 50a78 (base 15) to base 14.
69172
Convert 47574 (base 11) to base 16.
10bd7
What is 3b6a8 (base 16) in base 4?
323122220
Convert -a6333 (base 15) to base 2.
-10000000101101110111
Convert -1736547 (base 8) to base 11.
-317107
What is -120003313 (base 4) in base 13?
-35b1b
Convert 256511 (base 7) to base 11.
33013
4625050 (base 7) to base 12
23a59a
Convert 98b674 (base 15) to base 14.
d76463
Convert 11032331122 (base 4) to base 12.
561b8a
-794828 (base 12) to base 15
-283bce
-3142106 (base 7) to base 14
-9c73d
Convert 9224d8 (base 14) to base 3.
100021011001122
24045560 (base 7) to base 5
1021114123
Convert -d2c550 (base 16) to base 5.
-12014004242
What is 42014301 (base 5) in base 16?
54377
-242c4c (base 16) to base 9
-4412810
-347173 (base 8) to base 14
-3120b
What is -22222120100 (base 3) in base 10?
-176832
Convert -3340433004 (base 5) to base 13.
-16a845a
-21611 (base 14) to base 9
-132711
What is 52213100 (base 7) in base 10?
4390106
-1a5b53b (base 12) to base 16
-556a3f
Convert -31030542 (base 6) to base 7.
-10366244
What is -10513440 (base 7) in base 12?
-37b400
Convert 30012525 (base 6) to base 4.
3031200011
What is 5504243 (base 8) in base 3?
2210000202020
2221234 (base 8) to base 11
379889
516158 (base 10) to base 13
150c26
384772 (base 11) to base 2
10010100000101000011
-285601 (base 14) to base 15
-1c92b8
Convert 13255205 (base 6) to base 5.
103134333
What is -1315455 (base 9) in base 7?
-6053462
-1310342334 (base 5) to base 8
-14207760
Convert 6db96 (base 15) to base 14.
918d3
Convert -35504121 (base 6) to base 8.
-4175461
42255 (base 11) to base 12
2b734
What is -2553661 (base 7) in base 16?
-513a0
What is 321113232 (base 4) in base 8?
712756
Convert -45664044 (base 8) to base 4.
-211312200210
What is 7740400 (base 8) in base 11?
11a1560
What is 102022013231 (base 4) in base 16?
48a1ed
What is -83713 (base 9) in base 14?
-161ca
What is -4273220 (base 8) in base 15?
-179179
What is 101030302 (base 4) in base 5?
4223300
3435374 (base 9) to base 14
3639db
Convert -d2167 (base 15) to base 12.
-280b51
Convert 11000000000010010011 (base 2) to base 12.
31b243
What is -1f77b (base 16) in base 2?
-11111011101111011
Convert 527131 (base 8) to base 4.
222321121
What is -35b00 (base 12) in base 10?
-72432
Convert 836143 (base 9) to base 13.
145038
Convert -32966 (base 13) to base 9.
-148678
-296ea (base 15) to base 16
-2084b
What is -101022021121101 (base 3) in base 10?
-5477419
Convert 4319ad (base 14) to base 2.
1000101010011111100101
Convert 102102002122 (base 3) to base 7.
1623551
Convert 8c78e (base 15) to base 12.
196975
-566414 (base 8) to base 2
-101110110100001100
-1860e (base 15) to base 3
-11000100112
What is 62761254 (base 8) in base 14?
1abb68c
-14a608 (base 12) to base 11
-2199a7
Convert -140545542 (base 6) to base 7.
-33115421
100100101111000001110 (base 2) to base 8
4457016
-247036 (base 9) to base 13
-53064
-1045350 (base 6) to base 8
-147502
-1703606 (base 8) to base 11
-307808
What is -103210020 (base 4) in base 12?
-3a460
Convert 24295a (base 11) to base 4.
1131313202
3013001323 (base 4) to base 11
507546
-22020021103 (base 4) to base 12
-a80417
-110160661 (base 7) to base 14
-c446d8
c4b94 (base 16) to base 4
3010232110
-2000210122020 (base 3) to base 9
-2023566
2244610 (base 7) to base 2
1000100011001111101
3404403422 (base 5) to base 6
424410002
-325760 (base 9) to base 3
-100212212000
Convert -2220320 (base 4) to base 10.
-10808
-1114220223 (base 5) to base 4
-21200120202
-12844226 (base 9) to base 6
-344014553
-11222002200100 (base 3) to base 9
-4862610
What is -13440233 (base 5) in base 2?
-100010001100100100
What is -1121010222100 (base 3) in base 4?
-3033111303
Convert -31090 (base 15) to base 12.
-75b09
-31005341 (base 6) to base 13
-25106b
What is -333454342 (base 6) in base 9?
-12351828
190452 (base 11) to base 16
479f1
Convert -11001101001010010 (base 2) to base 12.
-50956
Convert -4c31c (base 13) to base 12.
-69818
9205474 (base 10) to base 3
122022200112111
Convert 2310120 (ba